(j) = j**3 + 6*j**2 - 2*j - 3. Let k be q(-6). Determine g(k).
-14
Let m(v) = v + 4. Let z = 8 - 12. Determine m(z).
0
Let n(d) = -4*d + 6. Let v = 31 - 27. Determine n(v).
-10
Let l(i) be the second derivative of -i**4/12 - i**3/6 + 5*i**2/2 - 2*i. Suppose -1 + 17 = 4*h. Suppose 0 = 3*t, -3*b - 12 = t - h*t. What is l(b)?
-7
Let h(p) be the first derivative of -p**4/4 + 2*p**3 - 2*p**2 - 4*p - 7. Determine h(6).
-28
Let b(x) = x**3 - 3*x**2 - 2*x + 5. Let q(a) = a**2 - 3*a - 7. Let k be q(-4). Let l = -17 + k. Calculate b(l).
13
Let i(d) be the first derivative of -d**2/2 - 9*d + 2. Give i(-9).
0
Suppose 0 = -3*f + 16 + 2. Let b(o) = -o**2 + 5*o + 5. Give b(f).
-1
Let h be (-6)/(-14) + (-50)/(-210). Let z(b) be the first derivative of 1 + 0*b - b**4 + h*b**3 + 1/2*b**2. Calculate z(-1).
5
Let l be -3 + (-4 - (-2 + -5)). Let v(a) be the first derivative of a**2/2 + 4*a + 1. Calculate v(l).
4
Suppose 2*o = 18 + 32. Let c = 38 - o. Suppose 0 = -5*g - c - 12. Let u(k) = k**3 + 4*k**2 - 4*k + 4. What is u(g)?
-1
Let c be 6/(-12) + 47/2. Suppose -c + 7 = -4*b. Suppose a + 3*l = -2, 8*a - 5*a - b*l - 7 = 0. Let u(k) = -8*k**2 + k - 1. Calculate u(a).
-8
Let y(u) = 6*u + 3. Let c(o) be the first derivative of -2 - 7/2*o**2 - 1/4*o**4 + 6*o - 3*o**3. Let z be c(-8). Determine y(z).
-9
Let x(z) = 5*z**2 + 5*z + 5. Let l(h) = -h**2 - h - 1. Suppose 5*f - 5 = -2*u, -u = 4*f + u - 4. Let k(d) = f*x(d) + 4*l(d). What is k(-1)?
1
Let l(t) = -2*t - 4 - t + 0*t. Let y = 63 + -67. Give l(y).
8
Let o(a) = a + 14. Let u be o(-8). Let z(w) = 3*w**2 + 3 - 5*w + 3*w - 4*w**2 + u*w. What is z(6)?
-9
Let d(p) = 2*p**2 + p. Suppose -z = -3*z. Suppose z = 5*n - 4*n + m - 3, -5*m + 16 = 4*n. Calculate d(n).
1
Let p(n) = -12*n**3 - 2*n + 1. Let a(l) = -l**2 + 4*l - 2. Let y be a(3). Determine p(y).
-13
Let p(j) = 2 + 18*j + j**2 + 3 + 0*j**2 - 29*j. Give p(7).
-23
Let t(b) = -b**3 - 2*b**2 - 3*b + 4. Let s(m) = 2*m**3 + 3*m**2 + 4*m - 5. Let o(h) = -2*s(h) - 3*t(h). Suppose 0 = y + 6 - 4. Calculate o(y).
4
Let k(c) = c**3 - 8*c**2 + 11*c - 10. Let f = 103 + -96. Determine k(f).
18
Let l(r) = 2*r + 6*r - 1 + 7*r - 12*r. What is l(4)?
11
Suppose -1 - 1 = -2*a. Suppose g + 2*l = 8, -l + 15 = 4*l. Let y(q) = 1 + 0*q**2 + a + q**g - 5*q + 2. Give y(3).
-2
Let x(m) = -3*m - m**2 + 2*m + 0 - 1. Let a be (-6)/4*3/(27/6). Give x(a).
-1
Let y(x) = 1 + 9*x - 9*x + x**2 + 0*x**2. Let m(p) = 7*p**2 + 6*p + 5. Let c(t) = -m(t) + 6*y(t). Determine c(-6).
1
Let j(o) be the first derivative of -7*o**3/3 + o**2/2 - o - 9. Calculate j(1).
-7
Let h be (2/3)/((-2)/9). Let p(u) = 2*u**2 + 3*u + 4. Give p(h).
13
Suppose -5*r - 5 - 15 = 0. Let t = -6 - r. Let k(n) = n**2 - 3*n + 4. Let y(j) = j**2 - 4*j + 5. Let w(z) = -6*k(z) + 5*y(z). Calculate w(t).
1
Let j(t) = t**3 + 3*t**2 - 6*t - 6. Suppose 0 = 5*k + 4*d + 20, -4*d = -2*k + k - 4. Let m be j(k). Let g(r) = 2*r**2 - 3*r + 2. What is g(m)?
4
Let s(x) = -6*x**2 - x. Let k be 3/6 - (-18)/(-4). Let f = -5 - k. What is s(f)?
-5
Let f(z) be the second derivative of -5*z**3/6 + 14*z. What is f(3)?
-15
Let f = -112 + 108. Let g(m) = -m**3 - 3*m**2 + 7*m + 6. What is g(f)?
-6
Suppose 5*b = -5*q - 5 - 0, 0 = -3*b + 15. Let t(a) = 2*a**2 - a - 2. Let m(k) = -k**2 - k + 1. Let s(n) = 3*m(n) + t(n). Give s(q).
-11
Let b be (56/(-20))/(2/(-10)). Suppose b = 2*n - 4*r, -4*r - 13 = 5*n + 22. Let m(t) = t - 3. Give m(n).
-6
Let b(w) be the second derivative of 1/20*w**5 + 7/2*w**2 + 0 + 5/12*w**4 + 0*w**3 + 6*w. What is b(-5)?
7
Suppose -4*p - 28 = -5*x, 2 = -4*p - 3*x + 6. Let y be ((-2)/(-4))/((-1)/(-2)). Let w(t) = -3 + 4 + y - 2*t. Calculate w(p).
6
Let d = 7 + -8. Let n be d + -1*(0 + 0). Let c be (-5 + n)/(3/(-2)). Let k(y) = 2*y - 2. Determine k(c).
6
Let j(k) be the second derivative of -k**5/60 + k**4/24 + 5*k**3/3 + k**2/2 + 3*k. Let g(z) be the first derivative of j(z). Give g(0).
10
Let y = 13 - 9. Suppose -y*g - 5 + 21 = 0. Let o(f) = -f**2 + 2*f - 3. Calculate o(g).
-11
Let b(o) = -27 - o + 27. Let r(w) = -5*w. Let t(a) = 9*b(a) - 2*r(a). Let v = 9 - 5. What is t(v)?
4
Let n(p) = -p - 2 - 1 + 0 + 0*p. Let q be n(-4). Let k(i) = -3*i**3 + i**2 - 2*i + 1. What is k(q)?
-3
Let y(w) = -w**2 + 7*w - 2. Let s(z) = 2*z + 3*z**2 + 0*z**2 + 5*z + 6 - 4*z**2. Let l be s(7). Give y(l).
4
Let h(l) = l**2 + 4*l + 2. Let o be h(-4). Suppose 0 = -8*c + 4*c. Let i(n) = c + 0 - n. Calculate i(o).
-2
Let d = 7 - 5. Suppose 0 = l - d. Suppose l*h = -3*h + 10. Let y(p) = -p**3 + 2*p**2 - 2*p + 1. What is y(h)?
-3
Let g(b) = b - 4. Let r be (3 - 6)*(-2)/(-3). Let a = r - -2. Determine g(a).
-4
Let f(l) = 0 + 4*l - 7*l + 2*l - 2. Let u be f(-6). Let r be (u/(-10))/(1/(-10)). Let i(c) = -c**3 + 5*c**2 - 4*c + 4. Give i(r).
4
Let w(i) be the first derivative of -i**2/2 - 2*i - 3. Give w(5).
-7
Let s(u) = -u**3 + 6*u**2 - 7*u + 2. Let r be 33/7 - (-4)/14. Give s(r).
-8
Let h(k) be the first derivative of -1/2*k**2 + 1/3*k**3 + 3 - 4*k. What is h(0)?
-4
Let a(h) be the third derivative of h**4/24 + 3*h**3/2 - 12*h**2. Suppose -2*m - 10 = -2*k + 3*k, 0 = -5*k. What is a(m)?
4
Let z(h) = -4*h**3 + 2*h**3 + 6 + h**2 - h + 3*h**3. Suppose 0 = -l + 4*c - c + 9, -36 = -4*l - 2*c. Suppose 4*s + 12 = 2*p, 0*p - l = -4*p + 3*s. What is z(p)?
6
Suppose -12 = -4*b + 48. Suppose -2*h = 5*n - b, -5*h + 22 = -5*n + 2*n. Let g(i) be the third derivative of -i**5/30 - i**4/12 + i**3/6 + i**2. Determine g(n).
-3
Let z(v) be the second derivative of v**3/6 + 3*v**2 - 9*v. What is z(-8)?
-2
Let f = 0 - -2. Suppose 2*o = 3*o - f. Let u(r) = o*r + 4*r**2 + r + 3 - 3*r**2 + 0. What is u(-2)?
1
Let f(c) = c**3 + 7*c**2 + 8*c + 5. Let h be ((-10)/(-2))/(3 - 4). Calculate f(h).
15
Let d be (-2)/15 - 496/(-120). Let p(k) = k**2 - 3*k. What is p(d)?
4
Suppose -41*t + 6 = -38*t. Let u(b) be the third derivative of -1/24*b**4 + 3*b**t - 2/3*b**3 + 0 + 0*b. Calculate u(-5).
1
Let q(d) = 3*d**3 + 8*d**2 + 5*d + 3. Let f(j) = j**3 + 3*j**2 + 2*j + 1. Let z be 87/15 - (-2)/10. Let a(o) = z*q(o) - 17*f(o). Calculate a(4).
1
Let n(h) = 3*h + 5*h**2 - 3*h + 1. Suppose c - 7 = i, -5*i - 29 = -i - 3*c. Let a be 2*((-20)/i)/5. What is n(a)?
6
Let c(u) be the second derivative of u**4/12 - 4*u**3/3 + 2*u**2 - 8*u. Give c(7).
-3
Let c(z) = z. Let r(w) = -3*w**3 - 3*w + 1. Let b(x) = 2*c(x) + r(x). Calculate b(1).
-3
Suppose -80 = 5*f + 5*t, -3*t = 3*f + 2*t + 56. Let a be (-26)/8 + (-3)/f. Let h(m) = m**2 + 6*m + 1. Calculate h(a).
-8
Let s(r) = 37 + 7*r - 25 - 6*r. Calculate s(-10).
2
Let a(x) = -5*x**2 + 2*x - 1. Let y be 0 - (4 + (1 - -1)). Let k be (-16)/y*(-6)/4. Let d = -3 - k. Give a(d).
-4
Suppose 2*t + 36 = 6*t + 4*k, 0 = -3*k + 9. Let o(a) = 2*a - t*a**3 - 1 + 2 + 2*a + a**2 - 3*a. Give o(-1).
7
Let y(w) = w**3 + 7*w**2 + 7*w + 2. Let x be -1 + -8 + (6 - 2) + -1. Calculate y(x).
-4
Let a(c) = -c**3 - c**2 - 2*c - 2. Let r(f) = f**2 - 6*f + 4. Let l be r(6). Suppose -w - w = l. Calculate a(w).
6
Let j(l) = 2*l - 7 + 4 - 4. Calculate j(6).
5
Let x(j) = 5*j + 4. Let l(h) = 26*h + 20. Let m(t) = -3*l(t) + 16*x(t). Let z(u) = 3*u + 6. Let k(c) = -8*m(c) + 5*z(c). Calculate k(2).
-4
Let a(x) = 14*x**2 + 3*x - 17. Let g(z) = -5*z**2 - z + 6. Let b(l) = -6*a(l) - 17*g(l). Let n(j) = -j**3 + 5*j**2 + 6*j + 2. Let f be n(6). Calculate b(f).
2
Let z(f) be the third derivative of -f**6/120 - 7*f**5/60 - f**4/6 - 7*f**3/6 - 19*f**2. Determine z(-6).
-19
Let z be 4 + (2 - (-2)/(-2)). Let h = 2 - -7. Let o(j) = j**2 + h - 3 + j - 8*j. Give o(z).
-4
Let h(w) be the third derivative of 0*w - 1/120*w**6 + 1/6*w**3 + 1/15*w**5 + 4*w**2 + 1/4*w**4 + 0. Determine h(5).
6
Let h = -1 - 5. Suppose 0*g + 3 = g - 2*q, 0 = -q. Let i(t) = 6*t + 20. Let u(f) = -2*f - 7. Let k(d) = g*i(d) + 8*u(d). Calculate k(h).
-8
Let v(d) = -3*d + 4. Let p(n) = n**2 - 11*n + 2. Let f be p(11). Let b = 2 + f. Give v(b).
-8
Let c(z) be the first derivative of z**2/2 + 13*z - 11. Give c(0).
13
Suppose -s - 35 = -2*s. Suppose 5*k + s = -3*x + 6*x, 0 = 4*x - 4*k - 36. Let f(c) = -c**2 + 7*c + 1. What is f(x)?
11
Let v(a) = a - 5. Let q(c) = 2*c - 10. Let y(z) = 3*q(z) - 5*v(z). What is y(7)?
2
Let k(w) be the first derivative of -w**4/4 + w**3 + w**2/2 - 4*w - 4. What is k(3)?
-1
Let m(w) = -w**3 - 4*w**2 + 3*w - 3. Let v be 2/(-4)*(-1 + -